 greatest common divisor of 132 and t?
33
Suppose -2*y = y - 5*w - 228, 5*w + 380 = 5*y. Calculate the highest common factor of 1368 and y.
76
Let x be -3*4/(-12)*174. Calculate the highest common divisor of 290 and x.
58
Let p = 510 - 355. What is the greatest common divisor of p and 5?
5
Let j = 371 - 335. What is the highest common factor of j and 468?
36
Suppose -3*r = -2*v + 6*v - 108, -46 = -r + 2*v. What is the greatest common factor of r and 4?
4
Let h(n) = -n**2 - 42*n + 40. Let f be h(-30). Calculate the highest common divisor of 32 and f.
16
Suppose 2*d = -3*d. Suppose 2*w + d = 4. Let j = 11 - w. What is the greatest common factor of j and 3?
3
Let j be (-57)/((-1)/(-4)*-2). Let r = -70 - -241. What is the highest common divisor of r and j?
57
Suppose 0 = -3*a + 2 + 4. Suppose -3*r = -8*r + 2*c + 516, 6 = -a*c. Let u = 255 + -238. Calculate the greatest common divisor of r and u.
17
Let k be (-6)/15 - (-415)/(-25). Let i = k + 29. Calculate the highest common factor of 18 and i.
6
Let l be (-39)/(-65) + (-7)/(-5). Let s be ((-2 - 1)*2)/l. Let c be 0/s - (0 + -21). Calculate the greatest common factor of c and 84.
21
Let j = 31 - 11. Suppose -4*s + 656 = -s - 4*m, -2*m = -2. Calculate the greatest common divisor of j and s.
20
Let j(z) = -z**3 - 4*z**2 + z + 4. Let f be j(-5). Let g = -10 + 22. Calculate the highest common factor of g and f.
12
Let u be (-555)/(-9) + (-22)/33. What is the greatest common divisor of u and 61?
61
Let n be 22/(-3)*6/(-4). Let x = 167 - 132. Let g be -1 + 7/(x/445). Calculate the greatest common divisor of n and g.
11
Suppose 3*g - 6*g + 1484 = 4*w, 3*w = -5*g + 2488. Let f = g + -170. What is the greatest common factor of f and 33?
33
Let r be (-2)/(0 + (-4)/16). Suppose -4*h = 4*l - 40, 0 = -3*h + 23 - r. Suppose -28 = -l*k + 42. What is the highest common factor of 14 and k?
14
Let f(s) = -9*s**2 + 75*s - 6. Let l be f(8). What is the greatest common factor of 684 and l?
18
Suppose -63*h = -59*h - 28. Calculate the highest common factor of h and 91.
7
Suppose 2 = -2*c + 4. Let o be c*-33*(-4 - -3). Let s(b) = b**3 - 7*b**2 + 5*b - 13. Let u be s(7). Calculate the highest common divisor of u and o.
11
Let q = 50 + -58. Let y be 4 - 2*12/q. What is the highest common divisor of 35 and y?
7
Suppose 0 = -2*s + 3*r - 89, 2*r + 0*r = -s - 27. Let n = s + 39. Calculate the greatest common factor of n and 7.
1
Let a(z) = -26*z**2 - 2*z + 25*z**2 + 1 + 3*z. Let g be a(0). What is the highest common factor of 1 and g?
1
Suppose -4*q + 505 = 5*h, -4*q - 9*h = -7*h - 514. Calculate the greatest common divisor of q and 390.
130
Let y be -1 - (4/(-22) - 1294/22). Let r = 113 - y. Let q be (0 - 1)*2*-11. Calculate the greatest common divisor of r and q.
11
Let i be (-1632)/(-24) + (-4)/(-2). What is the highest common divisor of i and 91?
7
Let s(p) = -p + 5. Let a be s(6). Let f be a/4*-6*14. Let b(u) = -5*u**3 - 55*u**2 - 2*u - 15. Let z be b(-11). What is the highest common divisor of f and z?
7
Let w(u) = u + 3. Let s be w(7). Let k = s + -10. Suppose k = 4*h - 16. What is the highest common factor of h and 4?
4
Suppose 0 = 2*i - 0*i + 28. Let k be i/(-35)*45*2. Calculate the greatest common divisor of k and 54.
18
Let i = -54 + 84. Let c = -12 + -8. Let w = c - -50. What is the highest common divisor of i and w?
30
Suppose 0 = 28*h - 30*h + 40. Calculate the highest common factor of h and 145.
5
Suppose 928 = v + l, 6*v - 8*v - l = -1853. Calculate the greatest common divisor of v and 37.
37
Let u(r) be the first derivative of r**3 - 2*r**2 + 3*r + 12. Let z be u(3). What is the greatest common factor of z and 18?
18
Let z be (-1)/4 - (-69)/4. Let f = 21 - z. Suppose -36 = -5*b - 5*p + p, 12 = b + 2*p. What is the highest common factor of b and f?
4
Let a(f) = 42*f - 330. Let o be a(10). Calculate the greatest common factor of 27 and o.
9
Let a(s) = 3 - 26*s + 8*s + 5*s + 11*s. Let h be a(0). Suppose 0 = h*c - c - 14. Calculate the greatest common divisor of c and 1.
1
Suppose 100 = 3*s + 7*s. Let z(g) = -g**2 - 2*g + 2*g**2 - 4*g. Let i be z(s). What is the highest common factor of 20 and i?
20
Suppose 0 = -3*r + 3*o + 1137, 97*r - 92*r = -2*o + 1902. Calculate the highest common factor of r and 171.
19
Suppose -2*r + 232 = 5*a - 256, -a = -r - 99. Let c be (-70)/4*(-12)/15. What is the greatest common factor of c and a?
14
Let f = 18 + -15. Suppose 20 = -f*x - 25. Let n be x*9/(108/(-8)). Calculate the highest common factor of n and 80.
10
Let c be (-1015)/(-49) + 8/28. What is the highest common divisor of c and 6?
3
Suppose 6*l - 5*l + j = 99, 81 = l - 5*j. Let n = -11 + 9. Let q be (-1)/((-2)/n) - -13. Calculate the greatest common factor of q and l.
12
Suppose -8*r + 11 = -13. Suppose 50 = 4*c - 2*f, -5*c + f + 70 - r = 0. What is the highest common divisor of c and 112?
14
Suppose -f + 2*i + 39 = 0, f + 3*f - 5*i - 141 = 0. Let l = f + 1. Let d be ((-3)/(-5))/(3/l). What is the highest common factor of d and 3?
3
Let y be ((-13)/2)/((-3)/6). Suppose y*d - 8*d - 50 = 0. Suppose -r = -0*r - 90. What is the highest common factor of d and r?
10
Let k be (0*1/4)/((-6)/(-2)). Suppose -s - 5 + 17 = k. What is the highest common factor of s and 18?
6
Suppose 5*l - 7 = -n, l - 2*l = -5*n + 165. Suppose p - n = 18. Calculate the greatest common divisor of 10 and p.
10
Suppose 0 = -16*u + 2943 + 5329. Calculate the highest common factor of u and 188.
47
Let h = -491 + 539. What is the greatest common factor of h and 1584?
48
Let p(j) = -j**3 - j**2 + j + 1. Let m be p(-1). Suppose 4*v + 6592 + 404 = m. Let a be (-4)/(-18) + v/(-27). Calculate the highest common divisor of a and 26.
13
Suppose -12*o = -9*o - 51. Calculate the highest common divisor of 153 and o.
17
Let o(s) = -4*s - 12. Let f be o(-3). Suppose f = 5*k + 5*k - 320. What is the greatest common divisor of 48 and k?
16
Let y = 231 + -117. Suppose 36*u = 39*u - y. What is the greatest common factor of u and 304?
38
Suppose 0 = -6*v + 8*v - 38. Let j(d) = -d - 4. Let t be j(-4). Suppose -285 = -t*s - 5*s. Calculate the greatest common factor of s and v.
19
Suppose 6*o + h = 3*o + 1301, -5*o - 4*h + 2180 = 0. What is the greatest common divisor of o and 27?
27
Suppose 952 = -404*z + 408*z. What is the highest common divisor of 14 and z?
14
Suppose -5*q + 2*b + 2*b + 5534 = 0, 3*b - 3315 = -3*q. Suppose 194 = 4*s - q. Let h be 2/(-8) + s/20. Calculate the greatest common factor of 176 and h.
16
Let t be (4/6)/(2/18). Let o(c) = -3*c - 6. Let n = -69 - -65. Let r be o(n). Calculate the highest common divisor of r and t.
6
Suppose 2*t + 2*t + 62 = 5*i, -25 = -4*i - 5*t. Suppose -r = -2*r + i. Calculate the greatest common divisor of r and 25.
5
Suppose -14*a - 13*a = -4185. Calculate the highest common divisor of a and 589.
31
Let w be (0 - -1*1) + 42/42. Calculate the greatest common factor of w and 16.
2
Let s = -38 + 83. Let l = 0 + 47. Suppose l - 20 = 3*z. Calculate the greatest common factor of s and z.
9
Let m = -273 + 378. Calculate the greatest common factor of 30 and m.
15
Let m(d) = -d**2 - 4*d + 3. Let t be m(-7). Let c = t - -23. Suppose 3*h = c*h - 110. Calculate the greatest common divisor of h and 5.
5
Let k(v) = 2*v + 11. Let c be k(5). Let t = 21 - c. Suppose 5*r - 5*x - 23 - 92 = t, -5*x + 145 = 5*r. Calculate the greatest common factor of r and 104.
26
Let k = 10 - 7. Let a = 1074 + -749. Suppose -p = k*g - 189, 7*g = 2*g - 5*p + a. What is the greatest common factor of 93 and g?
31
Let z = 58 + 229. Calculate the greatest common divisor of 41 and z.
41
Suppose -r = -2*r + 5*m + 7, 0 = -2*r + 4*m + 20. Let w be (32/36)/((-8)/12)*-12. What is the greatest common factor of w and r?
4
Let j be (-6)/12 + -2 + 1259/2. What is the greatest common divisor of 114 and j?
57
Let q be ((-2)/4)/((-1)/108). Suppose 3*m + 8*m - 396 = 0. Calculate the highest common divisor of m and q.
18
Let u(r) = 4*r + 126. Let t be ((2 - (5 + -3))/2)/1. Let f be u(t). Let p = 10 + 4. Calculate the greatest common factor of p and f.
14
Let t(n) = n**3 + 13*n**2 + 10*n - 17. Let z be t(-12). Let i be (-49)/(-14)*40/z. What is the greatest common divisor of i and 160?
20
Let q be 1*22*(13/2 - 2). Suppose 4 + 23 = 3*c. Calculate the highest common divisor of q and 